{"id":2,"date":"2017-06-22T17:36:20","date_gmt":"2017-06-22T17:36:20","guid":{"rendered":"http:\/\/sksipasportopava.cz\/?page_id=2"},"modified":"2018-02-13T13:15:33","modified_gmt":"2018-02-13T13:15:33","slug":"kdo-jsme","status":"publish","type":"page","link":"https:\/\/sksipasportopava.cz\/?page_id=2","title":{"rendered":"Kdo jsme"},"content":{"rendered":"<p>Jsme sportovn\u00ed klub se s\u00eddlem v Opav\u011b. Na\u0161\u00edm c\u00edlem je organizace sportovn\u00edch akc\u00ed zam\u011b\u0159en\u00fdch na \u0161irokou ve\u0159ejnost a mlad\u00e9 sportovce. Ka\u017ed\u00e1 na\u0161e akce je spojena s charitou. Prod\u00e1v\u00e1me vo\u0148av\u00e9 visa\u010dky a v\u00fdt\u011b\u017eek z tohoto prodeje putuje do Slezsk\u00e9 nemocnice v Opav\u011b.<\/p>\n<p>Celkem organizujeme \u010dty\u0159i sportovn\u00ed akce a pod\u00edl\u00edme se na organizaci charitativn\u00edho odpoledne v Krava\u0159\u00edch. V roce 2015 bude ji\u017e \u010dtrn\u00e1ct\u00fd ro\u010dn\u00edk. Sna\u017e\u00edme se p\u0159ipravit v\u0161em \u00fa\u010dastn\u00edk\u016fm co nejlep\u0161\u00ed podm\u00ednky pro jejich sportovn\u00ed v\u00fdkony, jak po str\u00e1nce kr\u00e1sn\u00e9ho prost\u0159ed\u00ed, mno\u017estv\u00edm cen, kompletn\u00edho servisu, tak po str\u00e1nce zaji\u0161t\u011bn\u00ed kvalitn\u00edch soupe\u0159\u016f. Toto se n\u00e1m da\u0159\u00ed za podpory \u0159ady sponzor\u016f, kter\u00fdm pat\u0159\u00ed velk\u00fd d\u00edk.<\/p>\n<p>N\u00e1\u0161 sportovn\u00ed klub podporuje tak\u00e9 <a href=\"http:\/\/www.msmt.cz\/\">Ministerstvo \u0161kolstv\u00ed ml\u00e1de\u017ee a t\u011blov\u00fdchovy \u010cesk\u00e9 republiky<\/a> a <a href=\"http:\/\/www.opava-city.cz\">Statut\u00e1rn\u00ed m\u011bsto Opava<\/a>. D\u011bkujeme!<\/p>\n<p><a href='http:\/\/www.msmt.cz'><img src='http:\/\/sksipasportopava.cz\/wp-content\/uploads\/2018\/02\/logo_msmt.png'\/><\/a><br \/>\n<br \/>\n<a href='http:\/\/www.opava-city.cz'><img src='http:\/\/sksipasportopava.cz\/wp-content\/uploads\/2018\/02\/logo_opava_mesto.png'\/><\/a><\/p>\n<p>Sledovat n\u00e1s m\u016f\u017eete tak\u00e9 na <a href=\"https:\/\/www.facebook.com\/sksipasportopava\/\">Facebooku<\/a>.<\/p>\n","protected":false},"excerpt":{"rendered":"<p>Jsme sportovn\u00ed klub se s\u00eddlem v Opav\u011b. Na\u0161\u00edm c\u00edlem je organizace sportovn\u00edch akc\u00ed zam\u011b\u0159en\u00fdch na \u0161irokou ve\u0159ejnost a mlad\u00e9 sportovce. Ka\u017ed\u00e1 na\u0161e akce je spojena s charitou. Prod\u00e1v\u00e1me vo\u0148av\u00e9 visa\u010dky a v\u00fdt\u011b\u017eek z tohoto prodeje putuje do Slezsk\u00e9 nemocnice v Opav\u011b. Celkem organizujeme \u010dty\u0159i sportovn\u00ed akce a pod\u00edl\u00edme se na organizaci charitativn\u00edho odpoledne v Krava\u0159\u00edch. &hellip; <a href=\"https:\/\/sksipasportopava.cz\/?page_id=2\" class=\"more-link\">Pokra\u010dov\u00e1n\u00ed textu <span class=\"screen-reader-text\">Kdo jsme<\/span><\/a><\/p>\n","protected":false},"author":1,"featured_media":0,"parent":0,"menu_order":0,"comment_status":"open","ping_status":"open","template":"","meta":[],"_links":{"self":[{"href":"https:\/\/sksipasportopava.cz\/index.php?rest_route=\/wp\/v2\/pages\/2"}],"collection":[{"href":"https:\/\/sksipasportopava.cz\/index.php?rest_route=\/wp\/v2\/pages"}],"about":[{"href":"https:\/\/sksipasportopava.cz\/index.php?rest_route=\/wp\/v2\/types\/page"}],"author":[{"embeddable":true,"href":"https:\/\/sksipasportopava.cz\/index.php?rest_route=\/wp\/v2\/users\/1"}],"replies":[{"embeddable":true,"href":"https:\/\/sksipasportopava.cz\/index.php?rest_route=%2Fwp%2Fv2%2Fcomments&post=2"}],"version-history":[{"count":5,"href":"https:\/\/sksipasportopava.cz\/index.php?rest_route=\/wp\/v2\/pages\/2\/revisions"}],"predecessor-version":[{"id":92,"href":"https:\/\/sksipasportopava.cz\/index.php?rest_route=\/wp\/v2\/pages\/2\/revisions\/92"}],"wp:attachment":[{"href":"https:\/\/sksipasportopava.cz\/index.php?rest_route=%2Fwp%2Fv2%2Fmedia&parent=2"}],"curies":[{"name":"wp","href":"https:\/\/api.w.org\/{rel}","templated":true}]}}